{"id":27,"date":"2024-07-10T11:02:26","date_gmt":"2024-07-10T09:02:26","guid":{"rendered":"https:\/\/vybavsenaleto.cz\/?page_id=27"},"modified":"2025-06-19T09:34:14","modified_gmt":"2025-06-19T07:34:14","slug":"hlavni-stranka","status":"publish","type":"page","link":"https:\/\/vybavsenaletocz.yashicadev.cz\/","title":{"rendered":"Hlavn\u00ed str\u00e1nka"},"content":{"rendered":"","protected":false},"excerpt":{"rendered":"","protected":false},"author":1,"featured_media":0,"parent":0,"menu_order":0,"comment_status":"closed","ping_status":"closed","template":"home-page.php","meta":{"footnotes":""},"class_list":["post-27","page","type-page","status-publish","hentry"],"acf":[],"yoast_head":"<!-- This site is optimized with the Yoast SEO plugin v21.5 - https:\/\/yoast.com\/wordpress\/plugins\/seo\/ -->\n<title>Hlavn\u00ed str\u00e1nka - Vybav se na l\u00e9to<\/title>\n<meta name=\"robots\" content=\"noindex, follow, max-snippet:-1, max-image-preview:large, max-video-preview:-1\" \/>\n<meta property=\"og:locale\" content=\"cs_CZ\" \/>\n<meta property=\"og:type\" content=\"article\" \/>\n<meta property=\"og:title\" content=\"Hlavn\u00ed str\u00e1nka - Vybav se na l\u00e9to\" \/>\n<meta property=\"og:url\" content=\"https:\/\/vybavsenaletocz.yashicadev.cz\/\" \/>\n<meta property=\"og:site_name\" content=\"Vybav se na l\u00e9to\" \/>\n<meta property=\"article:modified_time\" content=\"2025-06-19T07:34:14+00:00\" \/>\n<meta name=\"twitter:card\" content=\"summary_large_image\" \/>\n<script type=\"application\/ld+json\" class=\"yoast-schema-graph\">{\"@context\":\"https:\/\/schema.org\",\"@graph\":[{\"@type\":\"WebPage\",\"@id\":\"https:\/\/vybavsenaletocz.yashicadev.cz\/\",\"url\":\"https:\/\/vybavsenaletocz.yashicadev.cz\/\",\"name\":\"Hlavn\u00ed str\u00e1nka - Vybav se na l\u00e9to\",\"isPartOf\":{\"@id\":\"https:\/\/vybavsenaletocz.yashicadev.cz\/#website\"},\"datePublished\":\"2024-07-10T09:02:26+00:00\",\"dateModified\":\"2025-06-19T07:34:14+00:00\",\"breadcrumb\":{\"@id\":\"https:\/\/vybavsenaletocz.yashicadev.cz\/#breadcrumb\"},\"inLanguage\":\"cs\",\"potentialAction\":[{\"@type\":\"ReadAction\",\"target\":[\"https:\/\/vybavsenaletocz.yashicadev.cz\/\"]}]},{\"@type\":\"BreadcrumbList\",\"@id\":\"https:\/\/vybavsenaletocz.yashicadev.cz\/#breadcrumb\",\"itemListElement\":[{\"@type\":\"ListItem\",\"position\":1,\"name\":\"Home\",\"item\":\"https:\/\/vybavsenaletocz.yashicadev.cz\/\"},{\"@type\":\"ListItem\",\"position\":2,\"name\":\"Hlavn\u00ed str\u00e1nka\"}]},{\"@type\":\"WebSite\",\"@id\":\"https:\/\/vybavsenaletocz.yashicadev.cz\/#website\",\"url\":\"https:\/\/vybavsenaletocz.yashicadev.cz\/\",\"name\":\"Vybav se na l\u00e9to\",\"description\":\"\",\"publisher\":{\"@id\":\"https:\/\/vybavsenaletocz.yashicadev.cz\/#organization\"},\"potentialAction\":[{\"@type\":\"SearchAction\",\"target\":{\"@type\":\"EntryPoint\",\"urlTemplate\":\"https:\/\/vybavsenaletocz.yashicadev.cz\/?s={search_term_string}\"},\"query-input\":\"required name=search_term_string\"}],\"inLanguage\":\"cs\"},{\"@type\":\"Organization\",\"@id\":\"https:\/\/vybavsenaletocz.yashicadev.cz\/#organization\",\"name\":\"Vybav se na l\u00e9to\",\"url\":\"https:\/\/vybavsenaletocz.yashicadev.cz\/\",\"logo\":{\"@type\":\"ImageObject\",\"inLanguage\":\"cs\",\"@id\":\"https:\/\/vybavsenaletocz.yashicadev.cz\/#\/schema\/logo\/image\/\",\"url\":\"https:\/\/vybavsenaletocz.yashicadev.cz\/wp-content\/uploads\/2024\/07\/CC-logo.svg\",\"contentUrl\":\"https:\/\/vybavsenaletocz.yashicadev.cz\/wp-content\/uploads\/2024\/07\/CC-logo.svg\",\"caption\":\"Vybav se na l\u00e9to\"},\"image\":{\"@id\":\"https:\/\/vybavsenaletocz.yashicadev.cz\/#\/schema\/logo\/image\/\"}}]}<\/script>\n<!-- \/ Yoast SEO plugin. -->","yoast_head_json":{"title":"Hlavn\u00ed str\u00e1nka - Vybav se na l\u00e9to","robots":{"index":"noindex","follow":"follow","max-snippet":"max-snippet:-1","max-image-preview":"max-image-preview:large","max-video-preview":"max-video-preview:-1"},"og_locale":"cs_CZ","og_type":"article","og_title":"Hlavn\u00ed str\u00e1nka - Vybav se na l\u00e9to","og_url":"https:\/\/vybavsenaletocz.yashicadev.cz\/","og_site_name":"Vybav se na l\u00e9to","article_modified_time":"2025-06-19T07:34:14+00:00","twitter_card":"summary_large_image","schema":{"@context":"https:\/\/schema.org","@graph":[{"@type":"WebPage","@id":"https:\/\/vybavsenaletocz.yashicadev.cz\/","url":"https:\/\/vybavsenaletocz.yashicadev.cz\/","name":"Hlavn\u00ed str\u00e1nka - Vybav se na l\u00e9to","isPartOf":{"@id":"https:\/\/vybavsenaletocz.yashicadev.cz\/#website"},"datePublished":"2024-07-10T09:02:26+00:00","dateModified":"2025-06-19T07:34:14+00:00","breadcrumb":{"@id":"https:\/\/vybavsenaletocz.yashicadev.cz\/#breadcrumb"},"inLanguage":"cs","potentialAction":[{"@type":"ReadAction","target":["https:\/\/vybavsenaletocz.yashicadev.cz\/"]}]},{"@type":"BreadcrumbList","@id":"https:\/\/vybavsenaletocz.yashicadev.cz\/#breadcrumb","itemListElement":[{"@type":"ListItem","position":1,"name":"Home","item":"https:\/\/vybavsenaletocz.yashicadev.cz\/"},{"@type":"ListItem","position":2,"name":"Hlavn\u00ed str\u00e1nka"}]},{"@type":"WebSite","@id":"https:\/\/vybavsenaletocz.yashicadev.cz\/#website","url":"https:\/\/vybavsenaletocz.yashicadev.cz\/","name":"Vybav se na l\u00e9to","description":"","publisher":{"@id":"https:\/\/vybavsenaletocz.yashicadev.cz\/#organization"},"potentialAction":[{"@type":"SearchAction","target":{"@type":"EntryPoint","urlTemplate":"https:\/\/vybavsenaletocz.yashicadev.cz\/?s={search_term_string}"},"query-input":"required name=search_term_string"}],"inLanguage":"cs"},{"@type":"Organization","@id":"https:\/\/vybavsenaletocz.yashicadev.cz\/#organization","name":"Vybav se na l\u00e9to","url":"https:\/\/vybavsenaletocz.yashicadev.cz\/","logo":{"@type":"ImageObject","inLanguage":"cs","@id":"https:\/\/vybavsenaletocz.yashicadev.cz\/#\/schema\/logo\/image\/","url":"https:\/\/vybavsenaletocz.yashicadev.cz\/wp-content\/uploads\/2024\/07\/CC-logo.svg","contentUrl":"https:\/\/vybavsenaletocz.yashicadev.cz\/wp-content\/uploads\/2024\/07\/CC-logo.svg","caption":"Vybav se na l\u00e9to"},"image":{"@id":"https:\/\/vybavsenaletocz.yashicadev.cz\/#\/schema\/logo\/image\/"}}]}},"_links":{"self":[{"href":"https:\/\/vybavsenaletocz.yashicadev.cz\/index.php\/wp-json\/wp\/v2\/pages\/27","targetHints":{"allow":["GET"]}}],"collection":[{"href":"https:\/\/vybavsenaletocz.yashicadev.cz\/index.php\/wp-json\/wp\/v2\/pages"}],"about":[{"href":"https:\/\/vybavsenaletocz.yashicadev.cz\/index.php\/wp-json\/wp\/v2\/types\/page"}],"author":[{"embeddable":true,"href":"https:\/\/vybavsenaletocz.yashicadev.cz\/index.php\/wp-json\/wp\/v2\/users\/1"}],"replies":[{"embeddable":true,"href":"https:\/\/vybavsenaletocz.yashicadev.cz\/index.php\/wp-json\/wp\/v2\/comments?post=27"}],"version-history":[{"count":18,"href":"https:\/\/vybavsenaletocz.yashicadev.cz\/index.php\/wp-json\/wp\/v2\/pages\/27\/revisions"}],"predecessor-version":[{"id":75,"href":"https:\/\/vybavsenaletocz.yashicadev.cz\/index.php\/wp-json\/wp\/v2\/pages\/27\/revisions\/75"}],"wp:attachment":[{"href":"https:\/\/vybavsenaletocz.yashicadev.cz\/index.php\/wp-json\/wp\/v2\/media?parent=27"}],"curies":[{"name":"wp","href":"https:\/\/api.w.org\/{rel}","templated":true}]}}